91129 is divided by 4.
1
What is the remainder when 4151380 is divided by 15?
10
Calculate the remainder when 345835 is divided by 345477.
358
What is the remainder when 10026736 is divided by 947?
847
Calculate the remainder when 112545809 is divided by 107.
106
Calculate the remainder when 83327248 is divided by 27775740.
28
What is the remainder when 18614691 is divided by 2795?
2786
Calculate the remainder when 683245 is divided by 352.
13
Calculate the remainder when 301637 is divided by 1019.
13
Calculate the remainder when 422585 is divided by 138587.
6824
What is the remainder when 6329814 is divided by 60283?
99
Calculate the remainder when 71509 is divided by 702.
607
Calculate the remainder when 16608528 is divided by 162.
126
What is the remainder when 37287 is divided by 359?
310
Calculate the remainder when 7220094 is divided by 195.
24
Calculate the remainder when 2737908 is divided by 12445.
8
Calculate the remainder when 433917 is divided by 1265.
22
Calculate the remainder when 30959894 is divided by 10.
4
Calculate the remainder when 100688 is divided by 6477.
3533
Calculate the remainder when 154354444 is divided by 93.
19
What is the remainder when 1218915 is divided by 485?
110
Calculate the remainder when 10655581 is divided by 868.
13
Calculate the remainder when 339262 is divided by 169606.
50
Calculate the remainder when 156779 is divided by 5575.
679
Calculate the remainder when 168672 is divided by 84319.
34
Calculate the remainder when 102631 is divided by 2848.
103
Calculate the remainder when 8763861 is divided by 57.
54
What is the remainder when 15632377 is divided by 5?
2
Calculate the remainder when 1863209 is divided by 32124.
17
Calculate the remainder when 1326314 is divided by 1326310.
4
Calculate the remainder when 2360046 is divided by 19501.
425
What is the remainder when 16701 is divided by 15702?
999
What is the remainder when 597728 is divided by 2204?
444
What is the remainder when 181313954 is divided by 314?
306
Calculate the remainder when 111539 is divided by 13894.
387
Calculate the remainder when 97037347 is divided by 216.
211
Calculate the remainder when 873195 is divided by 176.
59
What is the remainder when 226510 is divided by 1510?
10
Calculate the remainder when 418471 is divided by 22011.
262
What is the remainder when 114291495 is divided by 1298?
1297
What is the remainder when 10901330 is divided by 99103?
0
What is the remainder when 19926490 is divided by 221?
25
What is the remainder when 2325433 is divided by 113?
6
What is the remainder when 1485939 is divided by 871?
13
What is the remainder when 554246021 is divided by 4172?
4165
What is the remainder when 410131 is divided by 410113?
18
What is the remainder when 788237 is divided by 4637?
4584
Calculate the remainder when 631852 is divided by 16627.
26
Calculate the remainder when 52583881 is divided by 129.
127
Calculate the remainder when 775632 is divided by 77514.
492
Calculate the remainder when 10447957 is divided by 40.
37
Calculate the remainder when 1032799 is divided by 13073.
32
Calculate the remainder when 1357966 is divided by 96997.
8
Calculate the remainder when 23432479 is divided by 417.
415
What is the remainder when 202765 is divided by 10318?
6723
Calculate the remainder when 14529596 is divided by 480.
476
Calculate the remainder when 18890078 is divided by 11.
9
What is the remainder when 2053513563 is divided by 4251?
4248
What is the remainder when 40729035 is divided by 10182254?
19
What is the remainder when 47232 is divided by 379?
236
Calculate the remainder when 16005545 is divided by 550.
545
What is the remainder when 105922 is divided by 1232?
1202
What is the remainder when 293953 is divided by 1843?
916
Calculate the remainder when 59271071 is divided by 951.
947
What is the remainder when 9319752 is divided by 193?
168
What is the remainder when 334681283 is divided by 14?
13
Calculate the remainder when 15565593 is divided by 80.
73
Calculate the remainder when 932666 is divided by 310855.
101
Calculate the remainder when 162492795 is divided by 6592.
6587
Calculate the remainder when 42114 is divided by 3319.
2286
What is the remainder when 449646 is divided by 224782?
82
Calculate the remainder when 48886818 is divided by 828590.
8
Calculate the remainder when 73038752 is divided by 197402.
12
What is the remainder when 308581 is divided by 77136?
37
What is the remainder when 96963 is divided by 232?
219
Calculate the remainder when 459225 is divided by 1954.
35
Calculate the remainder when 1688360 is divided by 12.
8
Calculate the remainder when 904982 is divided by 60331.
17
Calculate the remainder when 984660 is divided by 8637.
42
What is the remainder when 192033038 is divided by 96016514?
10
Calculate the remainder when 7995776 is divided by 377.
360
What is the remainder when 637105 is divided by 106148?
217
Calculate the remainder when 73641 is divided by 12029.
1467
What is the remainder when 701370 is divided by 4225?
20
What is the remainder when 4193642 is divided by 1177?
1168
What is the remainder when 11684081 is divided by 346?
7
What is the remainder when 34008394 is divided by 155?
154
What is the remainder when 3427873 is divided by 4406?
5
Calculate the remainder when 930350 is divided by 1629.
191
Calculate the remainder when 57626323 is divided by 443.
440
Calculate the remainder when 776550 is divided by 776459.
91
Calculate the remainder when 5415140 is divided by 416536.
172
What is the remainder when 26585240 is divided by 14?
10
What is the remainder when 782871 is divided by 8896?
23
Calculate the remainder when 3286464 is divided by 1628.
1160
What is the remainder when 373544 is divided by 1979?
1492
Calculate the remainder when 2750994 is divided by 140.
134
Calculate the remainder when 8733277 is divided by 1645.
1617
What is the remainder when 1907831 is divided by 2168?
2159
Calculate the remainder when 19485712 is divided by 180.
172
Calculate the remainder when 26524 is divided by 25566.
958
What is the remainder when 1996489 is divided by 300?
289
What is the remainder when 162778 is divided by 81355?
68
What is the remainder when 3499224 is divided by 1995?
1989
What is the remainder when 2737952 is divided by 36?
8
Calculate the remainder when 1057985 is divided by 150.
35
What is the remainder when 855511 is divided by 8701?
2813
What is the remainder when 117585 is divided by 19597?
3
What is the remainder when 498918 is divided by 31135?
758
Calculate the remainder when 2900694 is divided by 18.
12
Calculate the remainder when 1163356599 is divided by 175.
174
Calculate the remainder when 346810 is divided by 57652.
898
Calculate the remainder when 13857830 is divided by 41.
35
What is the remainder when 1444223 is divided by 608?
223
What is the remainder when 16350296 is divided by 3412?
3404
Calculate the remainder when 245898 is divided by 2469.
1467
What is the remainder when 29409 is divided by 7014?
1353
Calculate the remainder when 141234 is divided by 2229.
807
What is the remainder when 55386509 is divided by 3058?
13
Calculate the remainder when 45019818 is divided by 4092706.
52
Calculate the remainder when 183323 is divided by 4468.
135
What is the remainder when 778497 is divided by 1996?
57
What is the remainder when 170117 is divided by 2301?
2144
Calculate the remainder when 145522156 is divided by 8084564.
4
Calculate the remainder when 684530 is divided by 1564.
1062
Calculate the remainder when 16520320 is divided by 37461.
19
What is the remainder when 666655 is divided by 166635?
115
What is the remainder when 9584692 is divided by 2513?
110
What is the remainder when 25854881 is divided by 1906?
1897
What is the remainder when 9098402 is divided by 125?
27
Calculate the remainder when 216696 is divided by 1747.
68
Calculate the remainder when 7193508 is divided by 2397831.
15
What is the remainder when 293490 is divided by 445?
235
What is the remainder when 1948061 is divided by 36733?
1212
What is the remainder when 14737072 is divided by 27?
13
Calculate the remainder when 300247 is divided by 1027.
363
Calculate the remainder when 10145599 is divided by 227.
61
What is the remainder when 218958334 is divided by 